{"id":471,"date":"2021-05-10T13:39:38","date_gmt":"2021-05-10T11:39:38","guid":{"rendered":"https:\/\/tennis-flieden.de\/blog\/?page_id=471"},"modified":"2025-05-06T15:18:24","modified_gmt":"2025-05-06T13:18:24","slug":"formulare","status":"publish","type":"page","link":"https:\/\/tennis-flieden.de\/blog\/?page_id=471","title":{"rendered":"Formulare"},"content":{"rendered":"\n<p><span style=\"color: #000000;\" class=\"ugb-highlight\"><strong>Aufnahme-Antrag<\/strong><\/span><\/p>\n\n\n\n<p>Die Beitrittserkl\u00e4rung kannst du dir hier als pdf-Dokument herunterladen und uns ausgef\u00fcllt zukommen lassen.<\/p>\n\n\n\n<p>Gegen eine Kaution von 40,- \u20ac bekommst du bei Sportwartin Sara Diegm\u00fcller einen eigenen Schl\u00fcssel zur Anlage. Damit k\u00f6nnen alle T\u00fcren zu den Tennispl\u00e4tzen sowie die Hauptt\u00fcre des Clubhauses aufgeschlossen werden. Diese erm\u00f6glicht den Zugang zu den Toiletten, Umkleider\u00e4umen und Duschen.<\/p>\n\n\n\n<div class=\"wp-block-file\"><a id=\"wp-block-file--media-f74790e7-195c-438e-b9e2-b3f5a261055f\" href=\"https:\/\/tennis-flieden.de\/blog\/wp-content\/uploads\/2025\/05\/Aufnahmeantrag.pdf\">Aufnahmeantrag<\/a><a href=\"https:\/\/tennis-flieden.de\/blog\/wp-content\/uploads\/2025\/05\/Aufnahmeantrag.pdf\" class=\"wp-block-file__button wp-element-button\" download aria-describedby=\"wp-block-file--media-f74790e7-195c-438e-b9e2-b3f5a261055f\">Herunterladen<\/a><\/div>\n\n\n\n<p> <\/p>\n\n\n\n<p><\/p>\n\n\n\n<p><span style=\"color: #000000;\" class=\"ugb-highlight\"><strong>Buchungssystem-Antrag<\/strong><\/span><\/p>\n\n\n\n<p>Dazu muss vorher extra ein Zugang eingerichtet werden. Hierf\u00fcr einfach den Antrag ausdrucken, ausf\u00fcllen und bei Sara abgeben. Daraufhin bekommst du eine E-Mail mit Benutzername inkl. Passwort zugeschickt, mit dem du dich dann einloggen kannst.<br><br>Wenn (schon) Zugangsdaten vorhanden sind, k\u00f6nnen die Pl\u00e4tze \u00fcber den folgenden Link gebucht werden. Dabei musst du dich dann rechts oben anmelden.<br><a href=\"https:\/\/tennis-flieden.de\/blog\/?page_id=225\">Hier geht es zum Buchungssystem!<\/a><br>Sollte etwas nicht funktionieren, wende dich bitte kurz per <a href=\"mailto:info@tennis-flieden.de\">E-Mail<\/a> an uns. Gerne auch \u00fcber das <a href=\"https:\/\/tennis-flieden.de\/blog\/?page_id=390\">Kontaktformular<\/a>.<\/p>\n\n\n\n<p><\/p>\n","protected":false},"excerpt":{"rendered":"<p>Aufnahme-Antrag Die Beitrittserkl\u00e4rung kannst du dir hier als pdf-Dokument herunterladen und uns ausgef\u00fcllt zukommen lassen. Gegen eine Kaution von 40,- \u20ac bekommst du bei Sportwartin Sara Diegm\u00fcller einen eigenen Schl\u00fcssel zur Anlage. Damit k\u00f6nnen alle T\u00fcren zu den Tennispl\u00e4tzen sowie die Hauptt\u00fcre des Clubhauses aufgeschlossen werden. Diese erm\u00f6glicht den Zugang zu den Toiletten, Umkleider\u00e4umen und [&hellip;]<\/p>\n","protected":false},"author":1,"featured_media":0,"parent":0,"menu_order":0,"comment_status":"closed","ping_status":"closed","template":"","meta":{"footnotes":""},"class_list":["post-471","page","type-page","status-publish","hentry"],"featured_image_urls_v2":{"full":"","thumbnail":"","medium":"","medium_large":"","large":"","1536x1536":"","2048x2048":"","sportspress-crop-medium":"","sportspress-fit-medium":"","sportspress-fit-icon":"","sportspress-fit-mini":""},"post_excerpt_stackable_v2":"<p>Aufnahme-Antrag Die Beitrittserkl\u00e4rung kannst du dir hier als pdf-Dokument herunterladen und uns ausgef\u00fcllt zukommen lassen. Gegen eine Kaution von 40,- \u20ac bekommst du bei Sportwartin Sara Diegm\u00fcller einen eigenen Schl\u00fcssel zur Anlage. Damit k\u00f6nnen alle T\u00fcren zu den Tennispl\u00e4tzen sowie die Hauptt\u00fcre des Clubhauses aufgeschlossen werden. Diese erm\u00f6glicht den Zugang zu den Toiletten, Umkleider\u00e4umen und Duschen. AufnahmeantragHerunterladen Buchungssystem-Antrag Dazu muss vorher extra ein Zugang eingerichtet werden. Hierf\u00fcr einfach den Antrag ausdrucken, ausf\u00fcllen und bei Sara abgeben. Daraufhin bekommst du eine E-Mail mit Benutzername inkl. Passwort zugeschickt, mit dem du dich dann einloggen kannst.Wenn (schon) Zugangsdaten vorhanden sind, k\u00f6nnen die Pl\u00e4tze&hellip;<\/p>\n","category_list_v2":"","author_info_v2":{"name":"admin","url":"https:\/\/tennis-flieden.de\/blog\/?author=1"},"comments_num_v2":"0 comments","_links":{"self":[{"href":"https:\/\/tennis-flieden.de\/blog\/index.php?rest_route=\/wp\/v2\/pages\/471","targetHints":{"allow":["GET"]}}],"collection":[{"href":"https:\/\/tennis-flieden.de\/blog\/index.php?rest_route=\/wp\/v2\/pages"}],"about":[{"href":"https:\/\/tennis-flieden.de\/blog\/index.php?rest_route=\/wp\/v2\/types\/page"}],"author":[{"embeddable":true,"href":"https:\/\/tennis-flieden.de\/blog\/index.php?rest_route=\/wp\/v2\/users\/1"}],"replies":[{"embeddable":true,"href":"https:\/\/tennis-flieden.de\/blog\/index.php?rest_route=%2Fwp%2Fv2%2Fcomments&post=471"}],"version-history":[{"count":2,"href":"https:\/\/tennis-flieden.de\/blog\/index.php?rest_route=\/wp\/v2\/pages\/471\/revisions"}],"predecessor-version":[{"id":921,"href":"https:\/\/tennis-flieden.de\/blog\/index.php?rest_route=\/wp\/v2\/pages\/471\/revisions\/921"}],"wp:attachment":[{"href":"https:\/\/tennis-flieden.de\/blog\/index.php?rest_route=%2Fwp%2Fv2%2Fmedia&parent=471"}],"curies":[{"name":"wp","href":"https:\/\/api.w.org\/{rel}","templated":true}]}}