{"id":427,"date":"2021-05-09T16:02:46","date_gmt":"2021-05-09T14:02:46","guid":{"rendered":"https:\/\/tennis-flieden.de\/blog\/?page_id=427"},"modified":"2024-06-18T18:36:29","modified_gmt":"2024-06-18T16:36:29","slug":"training","status":"publish","type":"page","link":"https:\/\/tennis-flieden.de\/blog\/?page_id=427","title":{"rendered":"Training"},"content":{"rendered":"\n<div class=\"wp-block-ugb-feature ugb-feature ugb-d1433b0 ugb-feature--v2 ugb-feature--design-plain ugb-main-block\"><style>@media screen and (min-width:768px){.ugb-d1433b0 .ugb-img{width:640px;height:auto !important}}<\/style><div class=\"ugb-inner-block\"><div class=\"ugb-block-content\"><div class=\"ugb-feature__item\"><div class=\"ugb-feature__content\"><h2 class=\"ugb-feature__title\">Mannschaftstraining<\/h2><p class=\"ugb-feature__description\">Die verschiedenen Mannschaften und Spielgruppen trainieren zus\u00e4tzlich noch einmal w\u00f6chentlich.<br><br>Wer Lust hat, kann gerne einfach mal vorbei schauen!<br>Oder \u00fcber unser Kontaktformular anfragen.<\/p><\/div><div class=\"ugb-feature__image-side\"><img decoding=\"async\" class=\"ugb-feature__image ugb-img wp-image-428 ugb-image--shape-stretch\" src=\"https:\/\/tennis-flieden.de\/blog\/wp-content\/uploads\/2021\/05\/gerd_altmann_training.jpg\" alt=\"\" title=\"\" height=\"426\" srcset=\"https:\/\/tennis-flieden.de\/blog\/wp-content\/uploads\/2021\/05\/gerd_altmann_training.jpg 640w, https:\/\/tennis-flieden.de\/blog\/wp-content\/uploads\/2021\/05\/gerd_altmann_training-300x200.jpg 300w, https:\/\/tennis-flieden.de\/blog\/wp-content\/uploads\/2021\/05\/gerd_altmann_training-128x85.jpg 128w, https:\/\/tennis-flieden.de\/blog\/wp-content\/uploads\/2021\/05\/gerd_altmann_training-32x21.jpg 32w\" sizes=\"(max-width: 640px) 100vw, 640px\" \/><\/div><\/div><\/div><\/div><\/div>\n\n\n\n<div class=\"wp-block-stackable-columns stk-block-columns stk-block stk-2f37d17\" data-block-id=\"2f37d17\"><div class=\"stk-row stk-inner-blocks stk-block-content stk-content-align stk-2f37d17-column\">\n<div class=\"wp-block-stackable-column stk-block-column stk-column stk-block stk-74bdb37\" data-v=\"4\" data-block-id=\"74bdb37\"><div class=\"stk-column-wrapper stk-block-column__content stk-container stk-74bdb37-container stk--no-background stk--no-padding\"><div class=\"stk-block-content stk-inner-blocks stk-74bdb37-inner-blocks\">\n<div class=\"wp-block-stackable-columns stk-block-columns stk-block stk-a7a44d3\" data-block-id=\"a7a44d3\"><div class=\"stk-row stk-inner-blocks stk-block-content stk-content-align stk-a7a44d3-column\">\n<div class=\"wp-block-stackable-column stk-block-column stk-column stk-block stk-737b8a9\" data-v=\"4\" data-block-id=\"737b8a9\"><div class=\"stk-column-wrapper stk-block-column__content stk-container stk-737b8a9-container stk--no-background stk--no-padding\"><div class=\"stk-block-content stk-inner-blocks stk-737b8a9-inner-blocks\">\n<div class=\"wp-block-group\"><div class=\"wp-block-group__inner-container is-layout-flow wp-block-group-is-layout-flow\">\n<figure class=\"wp-block-table is-style-stripes\"><table><tbody><tr><th>Spielgruppe<\/th><th>Wochentag<\/th><th>Uhrzeit<\/th><\/tr><tr><td>Junior:innen<\/td><td><\/td><td>nach Vereinbarung<\/td><\/tr><tr><td>Herren 40<\/td><td>Mittwoch<\/td><td>18 bis 20 Uhr<\/td><\/tr><tr><td>Damen<br>Damen 30<\/td><td>Donnerstag<\/td><td>18 bis 20 Uhr<\/td><\/tr><tr><td>Herren<\/td><td>Freitag<\/td><td>18 bis 20 Uhr<\/td><\/tr><\/tbody><\/table><\/figure>\n<\/div><\/div>\n<\/div><\/div><\/div>\n<\/div><\/div>\n<\/div><\/div><\/div>\n<\/div><\/div>\n\n\n\n<div class=\"wp-block-ugb-feature ugb-feature ugb-20b5039 ugb-feature--v2 ugb-feature--design-plain ugb-main-block\"><style>.ugb-20b5039 .ugb-feature__description{text-align:left}@media screen and (min-width:768px){.ugb-20b5039 .ugb-img{width:495px;height:auto !important}}<\/style><div class=\"ugb-inner-block\"><div class=\"ugb-block-content\"><div class=\"ugb-feature__item\"><div class=\"ugb-feature__content\"><h2 class=\"ugb-feature__title\">Tennisschule<\/h2><p class=\"ugb-feature__description\">Auf unserer Anlage wirst du von der<br> <a rel=\"noreferrer noopener\" href=\"http:\/\/www.tennisschule-tennisworld.de\" target=\"_blank\">Tennisschule &#8222;Tennisworld&#8220;<\/a> trainiert.<br>Sie ist in unserem Verein seit vielen Jahren ein wichtiger Anlaufpunkt, um zum Beispiel Anf\u00e4ngern den Einstieg in den Tennissport zu erleichtern.<br>Deinen individuellen Tennisunterricht \u00fcbernehmen freundliche Trainer, die alle HTV-, DTB-, VDT- sowie PTR-lizensierte Tennislehrer \/ -Lehrerinnen sind und ihr Wissen durch st\u00e4ndige Fortbildungen erweitern.<br>Die Erfolge unserer Jugendlichen auf Kreis- und Bezirksebene best\u00e4tigen die tolle Arbeit unserer Trainer. Auch unsere erwachsenen Mitglieder verbessern regelm\u00e4\u00dfig ihre F\u00e4higkeiten in unserer Tennisschule.<br>Trainingscamps zur Saisonvorbereitung oder als Kinder- und Jugendprogramm in den Sommerferien runden das Angebot der Tennisschule ab.<br>Hast du Interesse an qualifiziertem Training?<br>Dann teste doch einfach einmal das Angebot, indem du ein kostenloses Schnuppertraining vereinbarst!<\/p><\/div><div class=\"ugb-feature__image-side\"><img decoding=\"async\" class=\"ugb-feature__image ugb-img wp-image-429 ugb-image--shape-stretch\" src=\"https:\/\/tennis-flieden.de\/blog\/wp-content\/uploads\/2021\/05\/tennisworld.jpg\" alt=\"\" title=\"\" height=\"201\" srcset=\"https:\/\/tennis-flieden.de\/blog\/wp-content\/uploads\/2021\/05\/tennisworld.jpg 495w, https:\/\/tennis-flieden.de\/blog\/wp-content\/uploads\/2021\/05\/tennisworld-300x122.jpg 300w, https:\/\/tennis-flieden.de\/blog\/wp-content\/uploads\/2021\/05\/tennisworld-128x52.jpg 128w, https:\/\/tennis-flieden.de\/blog\/wp-content\/uploads\/2021\/05\/tennisworld-32x13.jpg 32w\" sizes=\"(max-width: 495px) 100vw, 495px\" \/><\/div><\/div><\/div><\/div><\/div>\n\n\n\n<div class=\"wp-block-ugb-feature ugb-feature ugb-81e76ba ugb-feature--v2 ugb-feature--design-plain ugb-main-block\"><style>@media screen and (min-width:768px){.ugb-81e76ba .ugb-img{width:640px;height:auto !important}}<\/style><div class=\"ugb-inner-block\"><div class=\"ugb-block-content\"><div class=\"ugb-feature__item\"><div class=\"ugb-feature__content\"><h2 class=\"ugb-feature__title\">Buchungssystem<\/h2><p class=\"ugb-feature__description\">Selbstverst\u00e4ndlich kann und soll sich auch au\u00dferhalb dieser Trainingszeiten verabredet werden.<br>Normalerweise ist immer mindestes ein Platz frei. Allerdings kann es wie \u00fcberall auch zu Engp\u00e4ssen kommen. Insbesondere w\u00e4hrend der Medenrunde ist zu beachten, dass an den meisten Freitagen, Samstagen und Sonntagen oft alle Pl\u00e4tze belegt sind.<br><br>Wer auf Nummer sicher gehen will, kann sich seinen Platz \u00fcber unser Buchungssystem reservieren lassen.<br>Dazu muss vorher extra ein Zugang eingerichtet werden. Hierf\u00fcr einfach den Antrag ausdrucken, ausf\u00fcllen und bei Sara abgeben. Daraufhin bekommst du eine E-Mail mit Benutzername inkl. Passwort zugeschickt, mit dem du dich dann einloggen kannst.<br><a href=\"https:\/\/tennis-flieden.de\/blog\/?page_id=471\">Antrag f\u00fcrs Buchungssystem<\/a> [im PDF Format]<br>Wenn (schon) Zugangsdaten vorhanden sind, k\u00f6nnen die Pl\u00e4tze \u00fcber den folgenden Link gebucht werden. Dabei musst du dich dann rechts oben anmelden.<br><a href=\"https:\/\/tennis-flieden.de\/blog\/?page_id=225\">Hier geht es zum Buchungssystem!<\/a><br>Sollte etwas nicht funktionieren, wende dich bitte kurz per <a href=\"mailto:info@tennis-flieden.de\">E-Mail<\/a> an uns. Gerne auch \u00fcber das <a href=\"https:\/\/tennis-flieden.de\/blog\/?page_id=390\">Kontaktformular<\/a>.<\/p><\/div><div class=\"ugb-feature__image-side\"><img decoding=\"async\" class=\"ugb-feature__image ugb-img wp-image-432 ugb-image--shape-stretch\" src=\"https:\/\/tennis-flieden.de\/blog\/wp-content\/uploads\/2021\/05\/susanne_plank_buchungssystem.jpg\" alt=\"\" title=\"\" height=\"427\" srcset=\"https:\/\/tennis-flieden.de\/blog\/wp-content\/uploads\/2021\/05\/susanne_plank_buchungssystem.jpg 640w, https:\/\/tennis-flieden.de\/blog\/wp-content\/uploads\/2021\/05\/susanne_plank_buchungssystem-300x200.jpg 300w, https:\/\/tennis-flieden.de\/blog\/wp-content\/uploads\/2021\/05\/susanne_plank_buchungssystem-128x85.jpg 128w, https:\/\/tennis-flieden.de\/blog\/wp-content\/uploads\/2021\/05\/susanne_plank_buchungssystem-32x21.jpg 32w\" sizes=\"(max-width: 640px) 100vw, 640px\" \/><\/div><\/div><\/div><\/div><\/div>\n\n\n\n<figure class=\"wp-block-image size-large\"><img loading=\"lazy\" decoding=\"async\" width=\"361\" height=\"181\" src=\"https:\/\/tennis-flieden.de\/blog\/wp-content\/uploads\/2021\/05\/tennisplaetze_numerriert.png\" alt=\"\" class=\"wp-image-436\" srcset=\"https:\/\/tennis-flieden.de\/blog\/wp-content\/uploads\/2021\/05\/tennisplaetze_numerriert.png 361w, https:\/\/tennis-flieden.de\/blog\/wp-content\/uploads\/2021\/05\/tennisplaetze_numerriert-300x150.png 300w, https:\/\/tennis-flieden.de\/blog\/wp-content\/uploads\/2021\/05\/tennisplaetze_numerriert-128x64.png 128w, https:\/\/tennis-flieden.de\/blog\/wp-content\/uploads\/2021\/05\/tennisplaetze_numerriert-32x16.png 32w\" sizes=\"auto, (max-width: 361px) 100vw, 361px\" \/><\/figure>\n\n\n\n<p><\/p>\n","protected":false},"excerpt":{"rendered":"<p>Mannschaftstraining Die verschiedenen Mannschaften und Spielgruppen trainieren zus\u00e4tzlich noch einmal w\u00f6chentlich. Wer Lust hat, kann gerne einfach mal vorbei schauen!Oder \u00fcber unser Kontaktformular anfragen. Spielgruppe Wochentag Uhrzeit Junior:innen nach Vereinbarung Herren 40 Mittwoch 18 bis 20 Uhr DamenDamen 30 Donnerstag 18 bis 20 Uhr Herren Freitag 18 bis 20 Uhr Tennisschule Auf unserer Anlage wirst [&hellip;]<\/p>\n","protected":false},"author":1,"featured_media":0,"parent":0,"menu_order":0,"comment_status":"closed","ping_status":"closed","template":"","meta":{"footnotes":""},"class_list":["post-427","page","type-page","status-publish","hentry"],"featured_image_urls_v2":{"full":"","thumbnail":"","medium":"","medium_large":"","large":"","1536x1536":"","2048x2048":"","sportspress-crop-medium":"","sportspress-fit-medium":"","sportspress-fit-icon":"","sportspress-fit-mini":""},"post_excerpt_stackable_v2":"<p>MannschaftstrainingDie verschiedenen Mannschaften und Spielgruppen trainieren zus\u00e4tzlich noch einmal w\u00f6chentlich.Wer Lust hat, kann gerne einfach mal vorbei schauen!Oder \u00fcber unser Kontaktformular anfragen. SpielgruppeWochentagUhrzeitJunior:innennach VereinbarungHerren 40Mittwoch18 bis 20 UhrDamenDamen 30Donnerstag18 bis 20 UhrHerrenFreitag18 bis 20 Uhr TennisschuleAuf unserer Anlage wirst du von der Tennisschule &#8222;Tennisworld&#8220; trainiert.Sie ist in unserem Verein seit vielen Jahren ein wichtiger Anlaufpunkt, um zum Beispiel Anf\u00e4ngern den Einstieg in den Tennissport zu erleichtern.Deinen individuellen Tennisunterricht \u00fcbernehmen freundliche Trainer, die alle HTV-, DTB-, VDT- sowie PTR-lizensierte Tennislehrer \/ -Lehrerinnen sind und ihr Wissen durch st\u00e4ndige Fortbildungen erweitern.Die Erfolge unserer Jugendlichen auf Kreis- und Bezirksebene best\u00e4tigen die tolle Arbeit&hellip;<\/p>\n","category_list_v2":"","author_info_v2":{"name":"admin","url":"https:\/\/tennis-flieden.de\/blog\/?author=1"},"comments_num_v2":"0 comments","_links":{"self":[{"href":"https:\/\/tennis-flieden.de\/blog\/index.php?rest_route=\/wp\/v2\/pages\/427","targetHints":{"allow":["GET"]}}],"collection":[{"href":"https:\/\/tennis-flieden.de\/blog\/index.php?rest_route=\/wp\/v2\/pages"}],"about":[{"href":"https:\/\/tennis-flieden.de\/blog\/index.php?rest_route=\/wp\/v2\/types\/page"}],"author":[{"embeddable":true,"href":"https:\/\/tennis-flieden.de\/blog\/index.php?rest_route=\/wp\/v2\/users\/1"}],"replies":[{"embeddable":true,"href":"https:\/\/tennis-flieden.de\/blog\/index.php?rest_route=%2Fwp%2Fv2%2Fcomments&post=427"}],"version-history":[{"count":1,"href":"https:\/\/tennis-flieden.de\/blog\/index.php?rest_route=\/wp\/v2\/pages\/427\/revisions"}],"predecessor-version":[{"id":899,"href":"https:\/\/tennis-flieden.de\/blog\/index.php?rest_route=\/wp\/v2\/pages\/427\/revisions\/899"}],"wp:attachment":[{"href":"https:\/\/tennis-flieden.de\/blog\/index.php?rest_route=%2Fwp%2Fv2%2Fmedia&parent=427"}],"curies":[{"name":"wp","href":"https:\/\/api.w.org\/{rel}","templated":true}]}}